{"id":89,"date":"2019-02-28T09:46:57","date_gmt":"2019-02-28T09:46:57","guid":{"rendered":"https:\/\/nimaingenieria.com\/?page_id=89"},"modified":"2020-04-26T17:22:46","modified_gmt":"2020-04-26T17:22:46","slug":"asesoria-medioambiental","status":"publish","type":"page","link":"https:\/\/nimaingenieria.com\/index.php\/asesoria-medioambiental\/","title":{"rendered":"ASESORIA MEDIOAMBIENTAL"},"content":{"rendered":"\t\t<div data-elementor-type=\"wp-post\" data-elementor-id=\"89\" class=\"elementor elementor-89\" data-elementor-settings=\"[]\">\n\t\t\t\t\t\t<div class=\"elementor-inner\">\n\t\t\t\t\t\t\t<div class=\"elementor-section-wrap\">\n\t\t\t\t\t\t\t<section class=\"elementor-section elementor-top-section elementor-element elementor-element-1173644d elementor-section-height-min-height elementor-section-boxed elementor-section-height-default elementor-section-items-middle\" data-id=\"1173644d\" data-element_type=\"section\" data-settings=\"{&quot;background_background&quot;:&quot;classic&quot;}\">\n\t\t\t\t\t\t\t<div class=\"elementor-background-overlay\"><\/div>\n\t\t\t\t\t\t\t<div class=\"elementor-container elementor-column-gap-default\">\n\t\t\t\t\t\t\t<div class=\"elementor-row\">\n\t\t\t\t\t<div class=\"elementor-column elementor-col-100 elementor-top-column elementor-element elementor-element-2c6fd5ca\" data-id=\"2c6fd5ca\" data-element_type=\"column\" data-settings=\"{&quot;background_background&quot;:&quot;classic&quot;}\">\n\t\t\t<div class=\"elementor-column-wrap elementor-element-populated\">\n\t\t\t\t\t\t\t<div class=\"elementor-widget-wrap\">\n\t\t\t\t\t\t<div class=\"elementor-element elementor-element-524b24 elementor-widget elementor-widget-heading\" data-id=\"524b24\" data-element_type=\"widget\" data-widget_type=\"heading.default\">\n\t\t\t\t<div class=\"elementor-widget-container\">\n\t\t\t<h3 class=\"elementor-heading-title elementor-size-large\"><a href=\"https:\/\/nimaingenieria.com\/index.php\/servicios\/\">SERVICIOS<\/a><\/h3>\t\t<\/div>\n\t\t\t\t<\/div>\n\t\t\t\t\t\t<\/div>\n\t\t\t\t\t<\/div>\n\t\t<\/div>\n\t\t\t\t\t\t\t\t<\/div>\n\t\t\t\t\t<\/div>\n\t\t<\/section>\n\t\t\t\t<section class=\"elementor-section elementor-top-section elementor-element elementor-element-30d95014 elementor-section-boxed elementor-section-height-default elementor-section-height-default\" data-id=\"30d95014\" data-element_type=\"section\">\n\t\t\t\t\t\t<div class=\"elementor-container elementor-column-gap-default\">\n\t\t\t\t\t\t\t<div class=\"elementor-row\">\n\t\t\t\t\t<div class=\"elementor-column elementor-col-100 elementor-top-column elementor-element elementor-element-28b221f4\" data-id=\"28b221f4\" data-element_type=\"column\" data-settings=\"{&quot;background_background&quot;:&quot;classic&quot;}\">\n\t\t\t<div class=\"elementor-column-wrap elementor-element-populated\">\n\t\t\t\t\t\t\t<div class=\"elementor-widget-wrap\">\n\t\t\t\t\t\t<div class=\"elementor-element elementor-element-6b120fc3 elementor-widget elementor-widget-heading\" data-id=\"6b120fc3\" data-element_type=\"widget\" data-widget_type=\"heading.default\">\n\t\t\t\t<div class=\"elementor-widget-container\">\n\t\t\t<h2 class=\"elementor-heading-title elementor-size-default\">ASESOR\u00cdA MEDIOAMBIENTAL<\/h2>\t\t<\/div>\n\t\t\t\t<\/div>\n\t\t\t\t<div class=\"elementor-element elementor-element-605dc1c9 elementor-widget elementor-widget-text-editor\" data-id=\"605dc1c9\" data-element_type=\"widget\" data-widget_type=\"text-editor.default\">\n\t\t\t\t<div class=\"elementor-widget-container\">\n\t\t\t\t\t<div class=\"elementor-text-editor elementor-clearfix\"><p>Requisitos ambientales bajo control. Los servicios ofertados se ajustan a las necesidades de la empresa, el primer paso es conocer la situaci\u00f3n inicial para lo que se realiza una auditor\u00eda completa. A partir de la misma se determinan los requisitos legales a cumplir y se establece un plan de trabajo para lograrlo, incluyendo la redacci\u00f3n y presentaci\u00f3n de los diferentes tr\u00e1mites al organismo competente.<\/p><p>Ejemplos de servicios prestados:<\/p><ul><li>Realizaci\u00f3n de tr\u00e1mites administrativos en gesti\u00f3n de agua (Autorizaciones de vertido, legalizaci\u00f3n de pozos, etc\u2026).<\/li><li>Declaraci\u00f3n de producci\u00f3n de aguas residuales (MD-301).<\/li><li>Declaraci\u00f3n trimestral de vol\u00famenes de agua (MD-203).<\/li><li>Estudios de Situaci\u00f3n de Suelos y Aguas Subterr\u00e1neas en emplazamientos con actividades potencialmente contaminantes (R.D. 9\/2005).<span class=\"Apple-converted-space\">\u00a0<\/span><\/li><li>Plan de mantenimiento para la protecci\u00f3n del suelo y las aguas subterr\u00e1neas.<\/li><li>Requisitos Autorizaci\u00f3n Ambiental Integrada (AAI).<\/li><li>Autorizaci\u00f3n Administrativa de Emisiones a la Atm\u00f3sfera (CAPCA).<\/li><li>An\u00e1lisis de Riesgos Medioammbientales (ARMA).<\/li><li>Planes de Gesti\u00f3n de Residuos. Caracterizaci\u00f3n de residuos t\u00f3xicos y peligrosos. Etiquetado y almacenamiento. Declaraciones anuales.<\/li><li>Control de residuos y contaminaci\u00f3n de suelos seg\u00fan los Sistemas de Gesti\u00f3n Medioambiental implantados en las empresas (norma UNE-EN ISO 14001, EMAS, etc.).<\/li><li>Estudio de minimizaci\u00f3n de residuos peligrosos.<\/li><li>Elaboraci\u00f3n de planes de gesti\u00f3n de disolventes seg\u00fan R.D. 117\/2003.<\/li><li>Declaraci\u00f3n anual de envases y residuos de envases.<\/li><li>Declaraci\u00f3n de envases ECOEMBES.<\/li><li>Plan Empresarial Prevenci\u00f3n de Envases.<\/li><li>Asesoramiento para reducir el consumo de recursos, volumen de residuos, emisiones atmosf\u00e9ricas.<\/li><\/ul><\/div>\n\t\t\t\t<\/div>\n\t\t\t\t<\/div>\n\t\t\t\t\t\t<\/div>\n\t\t\t\t\t<\/div>\n\t\t<\/div>\n\t\t\t\t\t\t\t\t<\/div>\n\t\t\t\t\t<\/div>\n\t\t<\/section>\n\t\t\t\t<section class=\"elementor-section elementor-top-section elementor-element elementor-element-47cd1123 elementor-section-boxed elementor-section-height-default elementor-section-height-default\" data-id=\"47cd1123\" data-element_type=\"section\">\n\t\t\t\t\t\t<div class=\"elementor-container elementor-column-gap-default\">\n\t\t\t\t\t\t\t<div class=\"elementor-row\">\n\t\t\t\t\t<div class=\"elementor-column elementor-col-100 elementor-top-column elementor-element elementor-element-4577929a\" data-id=\"4577929a\" data-element_type=\"column\">\n\t\t\t<div class=\"elementor-column-wrap elementor-element-populated\">\n\t\t\t\t\t\t\t<div class=\"elementor-widget-wrap\">\n\t\t\t\t\t\t<div class=\"elementor-element elementor-element-29ea371e elementor-widget elementor-widget-image\" data-id=\"29ea371e\" data-element_type=\"widget\" data-widget_type=\"image.default\">\n\t\t\t\t<div class=\"elementor-widget-container\">\n\t\t\t\t\t<div class=\"elementor-image\">\n\t\t\t\t\t\t\t\t\t\t<img width=\"121\" height=\"147\" src=\"https:\/\/nimaingenieria.com\/wp-content\/uploads\/2019\/02\/2-mano-arbol.png\" class=\"attachment-full size-full\" alt=\"\" loading=\"lazy\" \/>\t\t\t\t\t\t\t\t\t\t\t<\/div>\n\t\t\t\t<\/div>\n\t\t\t\t<\/div>\n\t\t\t\t\t\t<\/div>\n\t\t\t\t\t<\/div>\n\t\t<\/div>\n\t\t\t\t\t\t\t\t<\/div>\n\t\t\t\t\t<\/div>\n\t\t<\/section>\n\t\t\t\t\t\t<\/div>\n\t\t\t\t\t\t<\/div>\n\t\t\t\t\t<\/div>\n\t\t","protected":false},"excerpt":{"rendered":"<p>SERVICIOS ASESOR\u00cdA MEDIOAMBIENTAL Requisitos ambientales bajo control. Los servicios ofertados se ajustan a las necesidades de la empresa, el primer paso es conocer la situaci\u00f3n inicial para lo que se realiza una auditor\u00eda completa. A partir de la misma se determinan los requisitos legales a cumplir y se establece un plan de trabajo para lograrlo,<br \/><a class=\"moretag\" href=\"https:\/\/nimaingenieria.com\/index.php\/asesoria-medioambiental\/\">+ M\u00e1s informaci\u00f3n<\/a><\/p>\n","protected":false},"author":1,"featured_media":0,"parent":0,"menu_order":0,"comment_status":"closed","ping_status":"closed","template":"","meta":[],"yoast_head":"<!-- This site is optimized with the Yoast SEO plugin v15.1.1 - https:\/\/yoast.com\/wordpress\/plugins\/seo\/ -->\n<title>ASESORIA MEDIOAMBIENTAL -<\/title>\n<meta name=\"robots\" content=\"index, follow, max-snippet:-1, max-image-preview:large, max-video-preview:-1\" \/>\n<link rel=\"canonical\" href=\"https:\/\/nimaingenieria.com\/index.php\/asesoria-medioambiental\/\" \/>\n<meta property=\"og:locale\" content=\"es_ES\" \/>\n<meta property=\"og:type\" content=\"article\" \/>\n<meta property=\"og:title\" content=\"ASESORIA MEDIOAMBIENTAL -\" \/>\n<meta property=\"og:description\" content=\"SERVICIOS ASESOR\u00cdA MEDIOAMBIENTAL Requisitos ambientales bajo control. Los servicios ofertados se ajustan a las necesidades de la empresa, el primer paso es conocer la situaci\u00f3n inicial para lo que se realiza una auditor\u00eda completa. A partir de la misma se determinan los requisitos legales a cumplir y se establece un plan de trabajo para lograrlo,+ M\u00e1s informaci\u00f3n\" \/>\n<meta property=\"og:url\" content=\"https:\/\/nimaingenieria.com\/index.php\/asesoria-medioambiental\/\" \/>\n<meta property=\"article:modified_time\" content=\"2020-04-26T17:22:46+00:00\" \/>\n<meta property=\"og:image\" content=\"https:\/\/nimaingenieria.com\/wp-content\/uploads\/2019\/02\/2-mano-arbol.png\" \/>\n<meta name=\"twitter:card\" content=\"summary_large_image\" \/>\n<script type=\"application\/ld+json\" class=\"yoast-schema-graph\">{\"@context\":\"https:\/\/schema.org\",\"@graph\":[{\"@type\":\"Organization\",\"@id\":\"https:\/\/nimaingenieria.com\/#organization\",\"name\":\"NIMA INGENIER\\u00cdA Y MEDIO AMBIENTE\",\"url\":\"https:\/\/nimaingenieria.com\/\",\"sameAs\":[\"https:\/\/www.linkedin.com\/in\/h\\u00e9ctor-gimeno-garc\\u00eda\"],\"logo\":{\"@type\":\"ImageObject\",\"@id\":\"https:\/\/nimaingenieria.com\/#logo\",\"inLanguage\":\"es\",\"url\":\"https:\/\/nimaingenieria.com\/wp-content\/uploads\/2019\/02\/LOGO-7.png\",\"width\":315,\"height\":112,\"caption\":\"NIMA INGENIER\\u00cdA Y MEDIO AMBIENTE\"},\"image\":{\"@id\":\"https:\/\/nimaingenieria.com\/#logo\"}},{\"@type\":\"WebSite\",\"@id\":\"https:\/\/nimaingenieria.com\/#website\",\"url\":\"https:\/\/nimaingenieria.com\/\",\"name\":\"\",\"description\":\"\",\"publisher\":{\"@id\":\"https:\/\/nimaingenieria.com\/#organization\"},\"potentialAction\":[{\"@type\":\"SearchAction\",\"target\":\"https:\/\/nimaingenieria.com\/?s={search_term_string}\",\"query-input\":\"required name=search_term_string\"}],\"inLanguage\":\"es\"},{\"@type\":\"ImageObject\",\"@id\":\"https:\/\/nimaingenieria.com\/index.php\/asesoria-medioambiental\/#primaryimage\",\"inLanguage\":\"es\",\"url\":\"https:\/\/nimaingenieria.com\/wp-content\/uploads\/2019\/02\/2-mano-arbol.png\",\"width\":121,\"height\":147},{\"@type\":\"WebPage\",\"@id\":\"https:\/\/nimaingenieria.com\/index.php\/asesoria-medioambiental\/#webpage\",\"url\":\"https:\/\/nimaingenieria.com\/index.php\/asesoria-medioambiental\/\",\"name\":\"ASESORIA MEDIOAMBIENTAL -\",\"isPartOf\":{\"@id\":\"https:\/\/nimaingenieria.com\/#website\"},\"primaryImageOfPage\":{\"@id\":\"https:\/\/nimaingenieria.com\/index.php\/asesoria-medioambiental\/#primaryimage\"},\"datePublished\":\"2019-02-28T09:46:57+00:00\",\"dateModified\":\"2020-04-26T17:22:46+00:00\",\"inLanguage\":\"es\",\"potentialAction\":[{\"@type\":\"ReadAction\",\"target\":[\"https:\/\/nimaingenieria.com\/index.php\/asesoria-medioambiental\/\"]}]}]}<\/script>\n<!-- \/ Yoast SEO plugin. -->","_links":{"self":[{"href":"https:\/\/nimaingenieria.com\/index.php\/wp-json\/wp\/v2\/pages\/89"}],"collection":[{"href":"https:\/\/nimaingenieria.com\/index.php\/wp-json\/wp\/v2\/pages"}],"about":[{"href":"https:\/\/nimaingenieria.com\/index.php\/wp-json\/wp\/v2\/types\/page"}],"author":[{"embeddable":true,"href":"https:\/\/nimaingenieria.com\/index.php\/wp-json\/wp\/v2\/users\/1"}],"replies":[{"embeddable":true,"href":"https:\/\/nimaingenieria.com\/index.php\/wp-json\/wp\/v2\/comments?post=89"}],"version-history":[{"count":5,"href":"https:\/\/nimaingenieria.com\/index.php\/wp-json\/wp\/v2\/pages\/89\/revisions"}],"predecessor-version":[{"id":264,"href":"https:\/\/nimaingenieria.com\/index.php\/wp-json\/wp\/v2\/pages\/89\/revisions\/264"}],"wp:attachment":[{"href":"https:\/\/nimaingenieria.com\/index.php\/wp-json\/wp\/v2\/media?parent=89"}],"curies":[{"name":"wp","href":"https:\/\/api.w.org\/{rel}","templated":true}]}}